) = i**2 + 3*i - 7. Let x be n(-5). What is the units digit of 850/30 + (-1)/x?
8
Let t(w) = 4*w**2 - 5*w. Let l be t(2). Let b(x) = -x**3 + 4*x**2 + 12*x + 1. What is the units digit of b(l)?
1
Let w(s) = 108*s**2 + 4*s - 3. Let a be w(2). Suppose 77 = -4*l + a. What is the tens digit of l?
9
Let u = 56 - -105. Let g = -45 + u. What is the hundreds digit of g?
1
Suppose 0 = 23*f - 201 - 397. What is the units digit of f?
6
Suppose -2 + 8 = v. Suppose -n + 5*k - v = n, n - 2*k + 2 = 0. What is the units digit of (4/2 - -2) + n?
6
Let w = 621 + -614. What is the units digit of w?
7
Let z be (-6 - -2) + -2 + 6. Suppose z = -2*x - x + 249. What is the tens digit of x?
8
Let c be (9/9)/(1/68). Suppose -c = -3*x + 2*x. What is the units digit of x?
8
Let z be (4/2 + -3)*1. Let g(x) = -9*x**2 + x. Let v be g(z). Let c(k) = -k**2 - 12*k - 3. What is the tens digit of c(v)?
1
Let a(t) = -t**2 - 24*t - 46. Let r be a(-15). Let l = 261 - r. What is the tens digit of l?
7
Let k(s) = s**2 - 4*s + 6. Let a(g) = -g**3 + g + 21. Let x be a(0). Let w be 87/21 + (-3)/x. What is the units digit of k(w)?
6
Suppose 40*b - 192140 = -12*b. What is the units digit of b?
5
Let s = 6034 - 3793. What is the tens digit of s?
4
Suppose -5*x = 7 + 3. Let t be ((-1)/x)/((-2)/404). Let s = -59 - t. What is the units digit of s?
2
Let t(a) = a**3 - 4*a**2 - 4*a - 1. Let v be t(5). Suppose -2*l + v*l = -3*g + 13, -l = -3*g - 2. Suppose c = 15 - g. What is the units digit of c?
4
Let x be 216/(-15) - 4/(-10). Let q = 4 + x. Let u = -3 - q. What is the units digit of u?
7
Let a = -350 - -694. What is the hundreds digit of a?
3
Let v = 3 - 5. What is the tens digit of (-1 + 4/2)*(-74)/v?
3
What is the hundreds digit of 462 + -7 - (1 - 1)?
4
Suppose -l - 3*b + 1 = 2*b, 3*l + 4*b - 14 = 0. Let w(n) = n**3 - 7*n**2 + 7*n - 2. Let g be w(l). What is the units digit of ((-2)/g)/((-2)/48)?
2
Let g(d) = 4*d**2 + 4*d + 5. Let a = 45 + -48. What is the tens digit of g(a)?
2
Let j = 18 + -14. Suppose 4*f - v = 136, 9*v - j*v + 20 = 0. What is the units digit of f?
3
Suppose 0*x - 3*m = 3*x - 18, 4*x - 3*m + 4 = 0. Suppose o + 3*o + 2*p = 386, -208 = -2*o + x*p. What is the units digit of o?
9
Suppose 5*z - 94 - 47 = -2*a, -5*a - 39 = -z. Let y = 84 - z. What is the units digit of y?
5
What is the hundreds digit of 1/3 - (-174656)/192?
9
What is the hundreds digit of (-6)/27 - -32*498/27?
5
Suppose -5*x + 10 = 5*h, 6 = h + 2*h. Suppose 2*g + x*g = 38. What is the tens digit of g?
1
Suppose -5*p + 12551 = 6*p. What is the units digit of p?
1
Let d(t) = -t**3 - 7*t**2 - t - 10. Let s be d(-7). What is the units digit of (-8)/s*(-84)/(-16)?
4
Let n = 7 + 1. Let u be ((-8)/8)/((-1)/n). Let i = u + -2. What is the units digit of i?
6
Suppose 5*f - 2*i = 446, 2*i + 266 = 3*f - 0*i. Let n = f + -139. Let u = n - -79. What is the tens digit of u?
3
What is the tens digit of 5710/15 - (-2)/(-3)?
8
Let g(i) = 2*i**3 - 33*i**2 + 18*i + 7. Let a be g(16). Suppose 3*f = -9, -2*f = -4*q + 154 + 52. What is the units digit of 26/a + q/6?
9
Suppose -15 = -5*d - 3*l + 28, -3*d - 5*l = -29. Let j(w) = -w**3 + 8*w**2 + 6*w - 3. What is the tens digit of j(d)?
4
Suppose 5*d = -4*i + 1078, -i = -4*i + 6. What is the hundreds digit of d?
2
Suppose 4*h + h + 20 = 0. Let w(k) = 2*k**3 + 7*k**2 - 3*k + 7. What is the units digit of w(h)?
3
Let d = -1682 - -3800. What is the hundreds digit of d?
1
What is the tens digit of (-60408)/(-18)*(-1)/(-4)?
3
Suppose -9 = -5*d + 16. Suppose 3*l - 71 = d*n - n, 5*n - 74 = -4*l. What is the tens digit of l?
2
Let q(z) = 113*z - 13. Suppose 0 = 51*u - 40*u - 22. What is the units digit of q(u)?
3
Let h = -73 + 2501. What is the tens digit of h?
2
Let w = 2458 - -1461. What is the hundreds digit of w?
9
Let u(t) = -2*t**3 - 7*t**2 - 5*t - 2. Suppose -d + 15 = 4*o, 4*d - 2 = -2*o - 12. What is the tens digit of u(d)?
9
Let z(j) = 113*j + 101. What is the tens digit of z(1)?
1
Suppose w - 2*w - 4 = 4*s, -4*s = 0. Let b(g) = -4*g + 6. Let q be b(w). Let t = q + -12. What is the units digit of t?
0
Let u be -3 - ((-2515)/5 - 0). What is the units digit of 10/35 - u/(-14)?
6
Let q = 10 - 8. Suppose 0 = 2*t + q - 6. Suppose t*w - u = 13, -3*u + 2 = 2*w - 15. What is the units digit of w?
7
Let l(w) = -w**2 + 12*w + 3. Let h be l(12). Suppose b - 5*b = h*u - 772, -768 = -3*u - 3*b. Suppose 0*t = -6*t + u. What is the tens digit of t?
4
Let n(b) = -b**3 - 24*b**2 - 3*b - 19. Suppose -3*i = 4*k + 76, 92 = -4*i + 2*k + 2*k. What is the tens digit of n(i)?
5
Let o(q) = 2*q**2 + 9. Let c(m) = 3*m**2 - m + 17. Let b(v) = -3*c(v) + 5*o(v). Let h be b(-5). What is the units digit of ((-100)/8)/((-2)/h)?
5
What is the hundreds digit of 42168/18 - (-4)/3?
3
Suppose 4*y - n + 3*n - 10 = 0, 0 = -5*y - 4*n + 14. Suppose y*c + 3*s = -0*s + 6, -5*c = 2*s - 15. Suppose c*r = r + 28. What is the units digit of r?
4
Suppose -2*n + 6 + 18 = 0. Let y be n/8 + (-5)/(-2). What is the units digit of 264/15*10/y?
4
Suppose 0 = -d + 6*d + 65. Suppose -48 = 4*f + 20. Let r = d - f. What is the units digit of r?
4
Suppose 2*w - 3 - 3 = 0. Suppose -139 = -j + w*c, -c - 303 = -2*j - 0*c. What is the tens digit of j?
5
Suppose -5750 - 6371 = -4*y - 5*c, 0 = -y - c + 3030. What is the hundreds digit of y?
0
Suppose -9*k + 3029 = 4*z - 6*k, 2*z + 5*k = 1497. What is the hundreds digit of z?
7
Let a(s) = s**3 + 2*s**2 - s + 5. Let n be a(-3). What is the tens digit of (-1)/(-1) + (n - -81*1)?
8
Let t(m) = m**2 - 3*m + 1. Let z be t(1). Let o(y) = -52*y**3 - y**2. What is the tens digit of o(z)?
5
Let y = 1082 + -653. What is the units digit of y?
9
Suppose -6 = -2*z + 3*s, 2*s + 4 = 2*z - 2*s. Suppose -z*n = -3*n - 36. What is the units digit of n?
2
Let l = -110 + 227. What is the units digit of l?
7
Let a be 1/2*(7 - 1). Suppose -a*v + 299 = -2*i, 0 = i - 3 + 4. Suppose v = 4*w - 5*n, 4*n + 48 = 5*w - 3*w. What is the tens digit of w?
2
Let m = 436 - -27. What is the tens digit of m?
6
What is the hundreds digit of (-2031)/1*(-40)/120?
6
Suppose 2*z + 1373 = 5*y, -4*y + 1084 = -2*z + 4*z. Let o = 508 - y. What is the tens digit of o?
3
Let s(m) = 1. Let l(o) = -7 + 6*o + 0 - 1. Let c(f) = l(f) + 4*s(f). What is the tens digit of c(7)?
3
Let x be 11/(-3)*18/1. Let u = x - -137. What is the tens digit of u?
7
Let q(t) = -5 + 1 + 3 - 4*t + 3. Suppose -3*z = -5*a - 13 + 5, -5*a + 4*z = 4. What is the units digit of q(a)?
8
Let h(c) be the third derivative of c**4/12 - 7*c**3/3 + 9*c**2. Let m be h(9). Suppose 2*r - m*o = -3*r + 124, -22 = -r - 2*o. What is the units digit of r?
4
Suppose 13*o - 182 - 767 = 0. What is the units digit of o?
3
Let c(b) = b**3 + 13*b**2 - 15*b - 12. Let k be c(-14). Suppose -2 = -g + 4*v + 6, -k*g + 5*v = -16. What is the tens digit of (g/(-3) + 2)*-102?
6
Let s = -4 - -7. Suppose 12 = -o - s*o. What is the units digit of 4 + 3 - (-2 - o)?
6
What is the hundreds digit of 921/(-3)*16/(-16)?
3
Let u(o) = -o + 24. Let l be u(10). Let h = l + 163. What is the hundreds digit of h?
1
What is the hundreds digit of 3190/5 + 2 + 1?
6
Let j(a) = 3*a**2 - 16*a - 2. What is the tens digit of j(-6)?
0
Let q be (-2)/3 - 7/21*-17. Suppose -p + 9 + q = 0. What is the tens digit of p?
1
Let b(n) = n + 31. Let t(m) = -m - 32. Let r(k) = 5*b(k) + 4*t(k). What is the units digit of r(13)?
0
Suppose -3*b + 3*u = -0*u - 3, -b + 21 = 4*u. Suppose 0*j - 95 = -b*j. Suppose r - j = -5*i, -10 + 28 = 2*i + 3*r. What is the units digit of i?
3
Suppose 2*x - 5*x = 2*a - 1, 4*x - 6 = -5*a. Suppose -a*s - 3 = s. What is the units digit of ((-3)/(-6))/(s/(-2))?
1
Let g(c) = 83*c - 45. Let u be g(6). Suppose 3*l - u = -0*l. What is the hundreds digit of l?
1
Let y = 4 + -13. Let w = 14 + y. Suppose 0 = -w*s + 3*x + 56 + 96, 2*x + 120 = 4*s. What is the tens digit of s?
2
Let t(h) = 4*h**2 - 7*h + 13. What is the tens digit of t(7)?
6
Let x be (-4)/8*(1 - -11). Let u(b) be the first derivative of b**3/3 + 3*b**2 + 2*b + 5. What is the units digit of u(x)?
2
Suppose -3*f + 2*z = -18163, -3*z + 444 + 29815 = 5*f. What is the tens digit of f?
5
What is the hundreds digit of 1111 - -1 - (-24 + 29)?
1
Let x = 396 + -93. What is the units digit of x?
3
Let w(s) = 4*s**2 - 13*s**2 - 9*s + 21 + 10*s**2. Let v be w(5). What is 